02310133
Convert -25627028 (base 9) to base 4.
-300003013220
Convert -3301022112 (base 4) to base 14.
-1b9db0
Convert -3359284 (base 10) to base 5.
-1324444114
Convert 2140212 (base 7) to base 6.
5340040
What is -14128405 (base 9) in base 12?
-240b535
-15734a7 (base 11) to base 12
-a95221
5405245 (base 6) to base 12
109825
What is -67707 (base 10) in base 9?
-112780
Convert -227470 (base 8) to base 10.
-77624
Convert -111570 (base 10) to base 7.
-643164
-1acb63 (base 14) to base 11
-5a4141
Convert -1117415 (base 10) to base 2.
-100010000110011100111
What is 80abb (base 14) in base 10?
309453
-279114 (base 13) to base 11
-5a8135
1202201212002 (base 3) to base 10
939575
-565808 (base 9) to base 14
-8b720
Convert -3433341 (base 6) to base 9.
-287057
Convert 1573542 (base 8) to base 7.
3611016
Convert -a3a7c (base 13) to base 7.
-2333061
What is 1928573 (base 10) in base 12?
7900a5
Convert -6b408d (base 14) to base 11.
-2080308
Convert -225361 (base 8) to base 12.
-38355
What is 6271542 (base 9) in base 7?
40335653
What is 12202221121 (base 3) in base 6?
2234154
1234300 (base 6) to base 7
366351
-75741 (base 15) to base 9
-627447
656583 (base 14) to base 5
1334432313
12032111 (base 5) to base 2
11011001110101011
-102332022 (base 4) to base 7
-442356
What is -162300 (base 7) in base 10?
-32046
Convert -2212201201 (base 3) to base 16.
-dd59
Convert 31161 (base 9) to base 2.
101000001000100
Convert 3445161 (base 7) to base 5.
102302321
2699636 (base 12) to base 13
1786305
What is 5ba76 (base 14) in base 8?
666110
What is -123042441 (base 5) in base 3?
-1010022102002
Convert -100100000001010101011 (base 2) to base 16.
-1202ab
10033133202 (base 4) to base 10
1112034
Convert 223677 (base 8) to base 7.
433506
What is -51100 (base 13) in base 15?
-2d031
What is 589c2 (base 14) in base 3?
101222020202
Convert 163734 (base 8) to base 11.
40660
What is 15034123 (base 6) in base 16?
7e783
Convert -59658 (base 11) to base 8.
-247725
Convert 1767145 (base 8) to base 2.
1111110111001100101
70a69 (base 12) to base 9
243170
Convert -331231100 (base 4) to base 16.
-3db50
313351 (base 8) to base 15
20ce9
Convert 1b01b (base 12) to base 13.
15140
-49739 (base 10) to base 5
-3042424
Convert 14c9100 (base 13) to base 4.
121131203133
Convert 200321031111 (base 4) to base 2.
100000111001001101010101
Convert 17cc73 (base 13) to base 11.
37a628
What is 143ad4 (base 14) in base 7?
5652154
Convert -48d78 (base 14) to base 5.
-21201040
What is 73552 (base 9) in base 4?
23312312
What is -703072 (base 8) in base 2?
-111000011000111010
Convert 1001111111111000001 (base 2) to base 8.
1177701
Convert -4350442 (base 8) to base 2.
-100011101000100100010
Convert -3079467 (base 12) to base 8.
-42623117
What is -655a634 (base 11) in base 15?
-1028d69
What is 31303200133 (base 4) in base 15?
4b73b7
What is -8b53d (base 15) in base 9?
-745084
1094976 (base 10) to base 11
688743
-10011001100110100011 (base 2) to base 4
-2121212203
Convert 925818 (base 16) to base 13.
1caa546
What is 1112111102111 (base 3) in base 10?
816790
Convert 39935 (base 13) to base 9.
172722
Convert 1b2be3 (base 16) to base 15.
25293c
What is 463c27 (base 14) in base 11?
13944aa
What is 581c3a (base 16) in base 11?
329442a
What is 100221000232 (base 4) in base 16?
42902e
Convert -102212012111011 (base 3) to base 5.
-3103140220
What is 160597 (base 12) in base 5?
43432313
What is -12012120012001 (base 3) in base 13?
-75b3c5
5d939e (base 15) to base 5
2122024244
17702 (base 12) to base 9
51372
Convert 84b53a (base 12) to base 8.
7770476
-7c929 (base 13) to base 8
-675007
What is -2202022211212 (base 3) in base 10?
-1462991
186aa (base 15) to base 13
2a034
Convert -1011330113 (base 4) to base 13.
-a0526
What is 10133130131 (base 4) in base 5?
300133443
What is -20885742 (base 9) in base 4?
-212200213130
1936188 (base 11) to base 14
612ba2
What is 24111210 (base 7) in base 13?
59aac8
-1110002300 (base 4) to base 2
-1010100000010110000
Convert -10228d3 (base 15) to base 6.
-1050255343
2c264 (base 13) to base 4
110133002
Convert 11100100101101111 (base 2) to base 16.
1c96f
3535871 (base 9) to base 7
22160014
-1335533 (base 7) to base 14
-48853
30303301123 (base 4) to base 9
6277014
-103300043 (base 5) to base 16
-6d1b2
Convert -3453578 (base 10) to base 9.
-6443368
What is 40130110 (base 6) in base 8?
4241672
What is 2382024 (base 9) in base 2?
100111011111010101101
-134238 (base 10) to base 8
-406136
What is 57c0b (base 13) in base 4?
213013133
What is -15649 (base 16) in base 2?
-10101011001001001
What is -10144232 (base 5) in base 4?
-110211131
What is -7e2b9 (base 16) in base 9?
-866814
5808012 (base 10) to base 11
3307711
-1034345 (base 8) to base 12
-114171
Convert 269601 (base 10) to base 15.
54d36
What is 1b8631 (base 12) in base 11?
306428
-2431246 (base 7) to base 8
-1135674
Convert 11201130 (base 5) to base 7.
565012
Convert -79442 (base 12) to base 10.
-161330
Convert 102212102011 (base 3) to base 8.
710155
-174ba (base 15) to base 4
-102120331
-17830a8 (base 12) to base 7
-56432552
Convert 3210300121 (base 4) to base 12.
3922a1
Convert -1cb7c8 (base 13) to base 11.
-465699
-771076 (base 15) to base 2
-10101101001001000001110
What is 20d24 (base 15) in base 6?
2122241
-1733627 (base 8) to base 10
-505751
13101013021 (base 4) to base 9
3523264
10010111012 (base 3) to base 10
61592
352a3 (base 12) to base 2
10001011001011011
-34cb4 (base 14) to base 7
-1044214
-31113230 (base 6) to base 4
-3122310102
What is 61cba (base 13) in base 11?
110048
-1111011101101101100 (base 2) to base 9
-852085
Convert -158477 (base 16) to base 15.
-1ccc62
Convert -2040342312 (base 5) to base 11.
-242a865
What is 105e2 (base 15) in base 13?
1a861
-11302021 (base 6) to base 9
-583544
-22612103 (base 8) to base 6
-253243323
11111011110101100000 (base 2) to base 9
1841873
What is 25200400 (base 8) in base 12?
1a47a28
What is 11011010001101101 (base 2) in base 15?
23185
What is a5b04b (base 13) in base 7?
44656565
Convert 1221001211 (base 3) to base 16.
9445
Convert 125657 (base 8) to base 14.
12035
What is 2b0b (base 13) in base 6?
45000
Convert 29ba3 (base 13) to base 3.
11000012202
Convert -c6d6d8 (base 14) to base 11.
-38809a4
Convert -56b53 (base 15) to base 7.
-2226312
Convert 210131040 (base 5) to base 3.
1121220220021
Convert -100333163 (base 7) to base 2.
-10110001101110000111100
What is -40001 (base 11) in base 7?
-332513
Convert 39b752 (base 12) to base 10.
953198
424202002 (base 5) to base 12
7226b4
101011001001110 (base 2) to base 16
564e
Convert -241125 (base 8) to base 13.
-2b736
222211023 (base 4) to base 11
10a046
What is -104230 (base 6) in base 12?
-5076
What is b2e38b (base 16) in base 13?
257629c
What is 4a450d (base 16) in base 2?
10010100100010100001101
What is 12010000000 (base 3) in base 5?
11204402
Convert 134210312 (base 5) to base 14.
141121
-29b711 (base 12) to base 4
-2223330331
13022022000 (base 4) to base 6
104120000
What is 3ad152 (base 14) in base 13?
5627c8
What is -424049 (base 11) in base 15?
-d6228
Convert -837530 (base 11) to base 3.
-2112012021022
Convert 21475763 (base 9) to base 12.
3589163
2201343401 (base 5) to base 15
6322a1
-2001220222021 (base 3) to base 11
-692030
What is -cbc68 (base 13) in base 4?
-1122011311
20023010103 (base 4) to base 15
2c4c23
What is 525b8 (base 12) in base 16?
1a5dc
31525006 (base 7) to base 4
22032000310
What is -ba6bd9 (base 15) in base 6?
-514213440
Convert -9d701 (base 16) to base 9.
-1182526
Convert 385726 (base 9) to base 3.
102212210220
-494b3 (base 14) to base 2
-101011110001100101
Convert 205150 (base 7) to base 4.
20221111
cb389 (base 13) to base 11
231139
-11121221 (base 7) to base 9
-1727305
What is -12200122312 (base 4) in base 8?
-6403266
Convert -4cd8e (base 15) to base 16.
-3c12b
Convert -1000100010110010000 (base 2) to base 8.
-1042620
Convert 136a952 (base 14) to base 9.
18621163
What is 113597a (base 12) in base 8?
14473056
250451 (base 8) to base 12
41b49
Convert -3970046 (base 10) to base 2.
-1111001001001111111110
Convert 1043066 (base 7) to base 8.
372512
What is 5130613 (base 9) in base 5?
1200031220
-a9381c (base 13) to base 7
-45545341
Convert -32115531 (base 6) to base 10.
-943471
Convert 912b (base 15) to base 14.
b249
What is 65072